t are the prime factors of 1126?
2, 563
List the prime factors of 135065.
5, 7, 17, 227
What are the prime factors of 8737?
8737
What are the prime factors of 23031?
3, 853
What are the prime factors of 20871?
3, 773
What are the prime factors of 18305?
5, 7, 523
List the prime factors of 2279.
43, 53
What are the prime factors of 185?
5, 37
What are the prime factors of 10804?
2, 37, 73
What are the prime factors of 8881?
83, 107
What are the prime factors of 6505?
5, 1301
What are the prime factors of 24240?
2, 3, 5, 101
What are the prime factors of 779?
19, 41
What are the prime factors of 40918?
2, 41, 499
What are the prime factors of 2852?
2, 23, 31
List the prime factors of 2757.
3, 919
What are the prime factors of 6899?
6899
What are the prime factors of 7662?
2, 3, 1277
What are the prime factors of 27050?
2, 5, 541
List the prime factors of 2297.
2297
What are the prime factors of 67969?
11, 37, 167
What are the prime factors of 2684?
2, 11, 61
What are the prime factors of 7639?
7639
List the prime factors of 58982.
2, 7, 11, 383
List the prime factors of 1130.
2, 5, 113
What are the prime factors of 3438?
2, 3, 191
List the prime factors of 231.
3, 7, 11
What are the prime factors of 710?
2, 5, 71
List the prime factors of 16086.
2, 3, 7, 383
List the prime factors of 15817.
15817
List the prime factors of 13031.
83, 157
List the prime factors of 3555.
3, 5, 79
List the prime factors of 6512.
2, 11, 37
List the prime factors of 1661.
11, 151
What are the prime factors of 1318?
2, 659
List the prime factors of 19099.
71, 269
List the prime factors of 5554.
2, 2777
What are the prime factors of 567?
3, 7
What are the prime factors of 36768?
2, 3, 383
What are the prime factors of 12193?
89, 137
What are the prime factors of 1176?
2, 3, 7
List the prime factors of 3783.
3, 13, 97
What are the prime factors of 4900?
2, 5, 7
What are the prime factors of 113545?
5, 22709
What are the prime factors of 8760?
2, 3, 5, 73
List the prime factors of 62036.
2, 13, 1193
List the prime factors of 834.
2, 3, 139
What are the prime factors of 89458?
2, 44729
List the prime factors of 6585.
3, 5, 439
List the prime factors of 8440.
2, 5, 211
What are the prime factors of 27885?
3, 5, 11, 13
List the prime factors of 18029.
11, 149
List the prime factors of 161468.
2, 37, 1091
What are the prime factors of 5173?
7, 739
List the prime factors of 5053.
31, 163
What are the prime factors of 2016?
2, 3, 7
List the prime factors of 702.
2, 3, 13
List the prime factors of 626.
2, 313
What are the prime factors of 10073?
7, 1439
What are the prime factors of 1528?
2, 191
What are the prime factors of 45783?
3, 5087
List the prime factors of 3873.
3, 1291
What are the prime factors of 318?
2, 3, 53
What are the prime factors of 3540?
2, 3, 5, 59
List the prime factors of 7932.
2, 3, 661
List the prime factors of 3360.
2, 3, 5, 7
List the prime factors of 12956.
2, 41, 79
List the prime factors of 977.
977
List the prime factors of 83422.
2, 53, 787
What are the prime factors of 128829?
3, 42943
What are the prime factors of 4125?
3, 5, 11
List the prime factors of 52109.
107, 487
List the prime factors of 7440.
2, 3, 5, 31
List the prime factors of 97129.
23, 41, 103
What are the prime factors of 29206?
2, 17, 859
What are the prime factors of 2949?
3, 983
List the prime factors of 93911.
93911
List the prime factors of 41525.
5, 11, 151
What are the prime factors of 15759?
3, 17, 103
What are the prime factors of 72430?
2, 5, 7243
List the prime factors of 2740.
2, 5, 137
What are the prime factors of 2109?
3, 19, 37
What are the prime factors of 6895?
5, 7, 197
List the prime factors of 658.
2, 7, 47
What are the prime factors of 16857?
3, 1873
List the prime factors of 193540.
2, 5, 9677
List the prime factors of 9181.
9181
List the prime factors of 52350.
2, 3, 5, 349
What are the prime factors of 26531?
43, 617
List the prime factors of 950.
2, 5, 19
What are the prime factors of 7368?
2, 3, 307
List the prime factors of 1381.
1381
What are the prime factors of 46432?
2, 1451
List the prime factors of 1177.
11, 107
What are the prime factors of 4993?
4993
List the prime factors of 1003.
17, 59
What are the prime factors of 2125?
5, 17
What are the prime factors of 3354?
2, 3, 13, 43
What are the prime factors of 721?
7, 103
What are the prime factors of 7716?
2, 3, 643
What are the prime factors of 15165?
3, 5, 337
What are the prime factors of 27726?
2, 3, 4621
What are the prime factors of 57905?
5, 37, 313
List the prime factors of 16566.
2, 3, 11, 251
List the prime factors of 702.
2, 3, 13
What are the prime factors of 16821?
3, 7, 89
List the prime factors of 922.
2, 461
What are the prime factors of 1514?
2, 757
What are the prime factors of 5749?
5749
What are the prime factors of 13822?
2, 6911
What are the prime factors of 161?
7, 23
List the prime factors of 2955.
3, 5, 197
List the prime factors of 33148.
2, 8287
What are the prime factors of 698?
2, 349
What are the prime factors of 8322?
2, 3, 19, 73
What are the prime factors of 59013?
3, 79, 83
List the prime factors of 2237.
2237
List the prime factors of 1165.
5, 233
What are the prime factors of 1862?
2, 7, 19
List the prime factors of 2108.
2, 17, 31
What are the prime factors of 26720?
2, 5, 167
List the prime factors of 47.
47
List the prime factors of 38248.
2, 7, 683
What are the prime factors of 366?
2, 3, 61
What are the prime factors of 11482?
2, 5741
What are the prime factors of 30149?
7, 59, 73
What are the prime factors of 8330?
2, 5, 7, 17
What are the prime factors of 59723?
59723
List the prime factors of 159332.
2, 61, 653
What are the prime factors of 603?
3, 67
List the prime factors of 19456.
2, 19
List the prime factors of 4568.
2, 571
What are the prime factors of 9291?
3, 19, 163
List the prime factors of 1555.
5, 311
What are the prime factors of 5240?
2, 5, 131
List the prime factors of 764.
2, 191
What are the prime factors of 139553?
17, 8209
List the prime factors of 527.
17, 31
What are the prime factors of 32983?
32983
List the prime factors of 47456.
2, 1483
What are the prime factors of 570?
2, 3, 5, 19
List the prime factors of 661.
661
List the prime factors of 3368.
2, 421
What are the prime factors of 209?
11, 19
What are the prime factors of 475?
5, 19
What are the prime factors of 10623?
3, 3541
List the prime factors of 101553.
3, 33851
List the prime factors of 25768.
2, 3221
What are the prime factors of 42971?
97, 443
List the prime factors of 5478.
2, 3, 11, 83
List the prime factors of 265.
5, 53
List the prime factors of 1589.
7, 227
What are the prime factors of 119244?
2, 3, 19, 523
What are the prime factors of 94338?
2, 3, 1747
List the prime factors of 1540.
2, 5, 7, 11
What are the prime factors of 1228?
2, 307
What are the prime factors of 17495?
5, 3499
List the prime factors of 106532.
2, 26633
What are the prime factors of 76627?
19, 37, 109
What are the prime factors of 2848?
2, 89
List the prime factors of 126728.
2, 7, 31, 73
What are the prime factors of 669?
3, 223
List the prime factors of 225.
3, 5
What are the prime factors of 5336?
2, 23, 29
What are the prime factors of 21650?
2, 5, 433
List the prime factors of 4870.
2, 5, 487
List the prime factors of 2935.
5, 587
List the prime factors of 4146.
2, 3, 691
What are the prime factors of 1373?
1373
What are the prime factors of 7668?
2, 3, 71
List the prime factors of 6844.
2, 29, 59
What are the prime factors of 12155?
5, 11, 13, 17
List the prime factors of 282.
2, 3, 47
What are the prime factors of 51004?
2, 41, 311
What are the prime factors of 79623?
3, 983
What are the prime factors of 1007?
19, 53
List the prime factors of 3847.
3847
List the prime factors of 21097.
17, 73
What are the prime factors of 24402?
2, 3, 7, 83
What are the prime factors of 24251?
24251
List the prime factors of 22688.
2, 709
List the prime factors of 36910.
2, 5, 3691
What are the prime factors of 164?
2, 41
What are the prime factors of 13859?
13859
What are the prime factors of 762?
2, 3, 127
What are the prime factors of 7905?
3, 5, 17, 31
What are the prime factors of 429?
3, 11, 13
List the prime factors of 5679.
3, 631
What are the prime factors of 165?
3, 5, 11
List the pr